3 - 7/((-98)/152236)?
7, 1553
Suppose 6*o - 3*a = o + 24, 2*a - 3 = -3*o. Let q(h) = 9*h**3 - 2*h**2 - 6*h - 3. What are the prime factors of q(o)?
2, 3, 17
Suppose 82*j - 1468 = 80*j. Let c = j - 421. List the prime factors of c.
313
Let g(w) = -2406*w**3 + 5*w - 17. Let b(p) = -802*p**3 + 2*p - 6. Let x(s) = -11*b(s) + 4*g(s). List the prime factors of x(-1).
2, 401
Suppose -3*z - 3*z + 42 = 0. Let t = z + 11. Let g = 25 - t. What are the prime factors of g?
7
Suppose 2*s = 11 - 21, r - 161 = s. What are the prime factors of r?
2, 3, 13
Let z(s) = s**2 - 2*s + 27. Suppose 3*l - l - 35 = -c, -c = 3. List the prime factors of z(l).
2, 5, 7
Let f(a) = -4*a**2 + 26*a - 187. Let s be f(9). Let r = s + 526. List the prime factors of r.
3, 83
Suppose 30 = -5*c, -10770 - 7267 = -f + 5*c. List the prime factors of f.
11, 1637
Let n(b) be the second derivative of -b**5/20 - 5*b**4/12 + b**3 + 17*b**2/2 + 7*b - 11. List the prime factors of n(-10).
457
Let u(t) = -5*t**3 - 18*t**2 - 15*t - 52. Let p be u(-10). Let h = 4770 - p. List the prime factors of h.
2, 23
Let u be (-1)/2 - (-1015)/2. Let p = -367 + u. List the prime factors of p.
2, 5, 7
Let y(f) = 9*f**2 + f. Suppose 0 = x + 5*x - 6. Let h be y(x). Suppose 0 = -h*i + 8*i + 212. What are the prime factors of i?
2, 53
Let f(t) = 21*t + 263. Let q be f(6). Let y = q + 832. What are the prime factors of y?
3, 11, 37
Let s(w) = -156*w. Let m be s(1). Let y(h) = 4*h**3 - 8*h**2 - 14*h + 33. Let v be y(5). Let q = v + m. List the prime factors of q.
107
Suppose 0 = 3*x - 2*n - 1304, -5*n = -2*n - 6. Suppose -440*f = -x*f - 232. What are the prime factors of f?
2, 29
Suppose 5*y + 265 + 389 = -2*q, -3*y = 2*q + 394. Let n = 434 + y. What are the prime factors of n?
2, 19
Let n be ((-55)/(-10))/((-14)/2352). Let d = -561 - n. What are the prime factors of d?
3, 11
Let b(f) = 14493*f**3 - 2*f**2 + 38*f - 35. What are the prime factors of b(1)?
2, 7247
Suppose -a = -f + 64318, -f - 3*f + 12*a + 257312 = 0. List the prime factors of f.
73, 881
Suppose 0*h - 2*s = -5*h + 23, -h + 2*s = -3. Suppose -h*l + 1602 = -1268. What are the prime factors of l?
2, 7, 41
Suppose 2*f = a + 29563 + 27618, -57161 = -2*f - 3*a. What are the prime factors of f?
2, 7, 1021
Let t(h) = -2*h**2 - 14*h - 8. Let r be t(-6). List the prime factors of (-6)/(-72)*r*921.
307
Let c be 42*(4/(-8))/((-3)/(-15)). Let k = c - -111. Suppose -k*r + 1008 - 48 = 0. What are the prime factors of r?
2, 5
Suppose 45 = 3*t - 3*u + 24, 3*u = -3*t + 3. List the prime factors of (-3 - (-10)/t)*(-356 - 0).
2, 89
Suppose 0 = -7*v + 4*v + 2409. Suppose -187 = 4*z - v. What are the prime factors of z?
2, 7, 11
Suppose 0 = g + 5, 0 = q + 37*g - 19*g - 31618. What are the prime factors of q?
2, 7927
Suppose -3*u = -k - 26, 5*u + k - 62 = -2*k. Let l be 12/(-5) + 2 - 196/u. Let j = 43 - l. What are the prime factors of j?
3, 7
Let f = -39 - -16566. List the prime factors of f.
3, 7, 787
Let n(f) = 0 + 8 + 5 - 9 - 6*f. What are the prime factors of n(0)?
2
Let c(r) = -6*r + 8. Let l = -49 - -56. Suppose -5*n - l = 18, y + 5*n = -44. List the prime factors of c(y).
2, 61
Let s(w) = 30*w - 27. Let v(c) = 30*c - 25. Let x(d) = 4*s(d) - 3*v(d). What are the prime factors of x(14)?
3, 43
Let d(r) = -r**3 - r**2 + 2*r - 11. Let u be d(-4). Suppose f + 105 = 3*i + u, 4*i - 208 = 3*f. Let v = -16 - f. List the prime factors of v.
2, 3
Suppose -f - 3*d = -1864, f - 2*d = 70 + 1804. Suppose -23*t + f = -18*t. List the prime factors of t.
2, 11, 17
Let c(j) be the second derivative of j - 21*j**2 - 2/3*j**3 + 0. What are the prime factors of c(-19)?
2, 17
Suppose -88*p = 189*p - 8949039. List the prime factors of p.
3, 11, 89
Suppose -6*u + 8*u + 13 = 3*o, -3*o - 2*u = -29. What are the prime factors of (99/6)/((o/4)/7)?
2, 3, 11
Suppose 3544*t + 27890 = 3554*t. What are the prime factors of t?
2789
Let w(o) = o**2 - 5*o - 13. Let g(s) = s + 7. Let m be g(0). Let k be w(m). What are the prime factors of (-2235)/(-60) - (k - (-7)/(-4))?
2, 19
Let o(w) = -24*w + 36*w + 26*w + 9 + 17*w. List the prime factors of o(3).
2, 3, 29
Let t = -127 + 131. Suppose 3*c = -6 + 21, 5*h + t*c - 2140 = 0. What are the prime factors of h?
2, 53
Let t be 8 - (0 - (-8)/(-4)). Let h(d) = -2*d**2 + 0*d + d**3 - t + d + 8*d**2. What are the prime factors of h(-5)?
2, 5
Let l = -11884 - -16662. What are the prime factors of l?
2, 2389
Suppose 63*u + 42222 = -133422. Let i = -1845 - u. What are the prime factors of i?
23, 41
Suppose -293 - 246 = -49*q. Suppose -7*g + 4*v = -q*g + 4860, -g - 4*v + 1224 = 0. What are the prime factors of g?
2, 3, 101
Let a = 62499 - 44146. What are the prime factors of a?
18353
Let j(f) = -f**3 - 5*f**2 + 2*f - 33. Let l be j(-10). Suppose 0 = -3*z - 0*z - 711. Let o = z + l. What are the prime factors of o?
2, 3, 5, 7
List the prime factors of (-2)/((34/281367)/(-1)).
3, 613
Let f be -3 - (-1 - -3) - -5. Suppose f = z + 1, 0 = -4*a - z + 4*z + 2683. List the prime factors of a.
2, 5, 67
Let q(t) = -t. Let j(u) = 4*u**3 + 12*u**2 - u. Let y(a) = -j(a) + 2*q(a). Let o = 712 + -717. What are the prime factors of y(o)?
5, 41
Let r(x) = -2447*x + 1000. What are the prime factors of r(-13)?
3, 10937
Suppose 5*y = z - 20585, y = 110*z - 111*z + 20603. List the prime factors of z.
2, 5, 103
Let m(x) = 4*x + 0 + 7 - x**2 + 16. Let r be m(7). Suppose -r*a - 3*j + 51 = 2, -57 = -3*a + j. What are the prime factors of a?
2, 5
Let u(v) = 66*v**3 + 17*v**2 - 14*v + 24. Let q(i) = -44*i**3 - 12*i**2 + 9*i - 16. Let n(c) = 7*q(c) + 5*u(c). What are the prime factors of n(4)?
2, 3, 13
Let s(g) = -g**3 + 9*g**2 + 8*g + 20. Let v be s(10). Suppose v = -5*u + 3*k + 845, 3*u + 12*k - 16*k = 496. What are the prime factors of u?
2, 43
Let x = -487 - 74. Let o = x - -1032. List the prime factors of o.
3, 157
Suppose -3*t + 79263 = 4*u, -5*u - 5*t + 44105 = -54970. What are the prime factors of u?
2, 3, 367
Let x be (-340)/8*16/20. Let a = 242 + x. List the prime factors of a.
2, 13
Suppose -5*u + 8*u - 3*o = -9, -3*o + 8 = -2*u. Let g(s) = -207*s**3 + 2*s**2 + s + 2. What are the prime factors of g(u)?
2, 3, 5, 7
Let w(l) be the second derivative of l**5/4 + l**4/3 - 7*l**3/2 - 5*l**2 + 8*l + 1. What are the prime factors of w(7)?
2, 877
Suppose -24*l - 135855 = 42*l - 1795293. What are the prime factors of l?
3, 17, 29
List the prime factors of (-3)/((3378148/(-16320))/(-23) + -9).
2, 3, 5, 17
Let i(p) = 59*p**2 + 185*p + 9. What are the prime factors of i(-6)?
3, 11, 31
Let x(l) = -8*l + 10. Suppose 0 = -18*h + 22*h + 92. What are the prime factors of x(h)?
2, 97
Let h be 7/(-56)*-4*38. Suppose 0 = 24*k - h*k - 2630. List the prime factors of k.
2, 263
Let s(d) = -d**2 + 8*d - 2. Let p be s(7). Suppose 144 + 188 = x - 5*v, 3*x - p*v - 976 = 0. List the prime factors of x.
2, 7, 23
Let c = -25 - -6. Let a be 4/14 - (-804)/28. Let j = c + a. List the prime factors of j.
2, 5
Suppose 82*o - 78*o = -5*s + 19, -2*o - 8 = 0. What are the prime factors of 9207/s + ((-60)/35)/6?
5, 263
Let o(s) = 7*s + 36. Let m = 35 + -13. Let z be o(m). Suppose 2*i = -2*g + z, -2*g + 93 = i + g. List the prime factors of i.
2, 3
Let s = 21 + -16. Suppose -g = 3*l + l, s*l = g. Let j = 30 + g. List the prime factors of j.
2, 3, 5
Suppose -24494 = 18*j - 69674. Suppose j + 658 = 12*d. List the prime factors of d.
2, 3, 11
Suppose 0 = 9*p - p - 32. Suppose 14*v - 11*v - 825 = -m, -p*v - 839 = -m. What are the prime factors of m?
3, 277
Suppose 179498 = 44*s + 17799 - 10341. What are the prime factors of s?
2, 5, 17, 23
Suppose -6*h = 52 - 424. Suppose 176 = 5*a - 3*v, 2*a - v - 3*v = h. What are the prime factors of a?
37
List the prime factors of ((-503)/(-3))/(((-34)/(-1428))/((-48)/(-14))).
2, 3, 503
Let h = 16 - 12. Suppose h*b - 770 = 778. List the prime factors of b.
3, 43
Let v(o) = 6*o**2 + 190*o + 1403. What are the prime factors of v(-22)?
127
Let j(h) = -h - 3. Let c be j(1). Let d = 1 - c. Suppose 0 = -4*i + 2*i - d*b + 215, b = 5*i - 497. What are the prime factors of i?
2, 5
What are the prime factors of 19818/4 + (-2)/4 + -6?
2, 1237
Suppose 102*l + 82*l - 904427 = 512557. List the prime factors of l.
3, 17, 151
Let n(c) = -1597*c - 139. List the prime factors of n(-3).
2, 1163
Suppose 2